{"id":293,"date":"2020-08-25T15:34:10","date_gmt":"2020-08-25T13:34:10","guid":{"rendered":"https:\/\/wp.ibs-aachen.de\/?page_id=293"},"modified":"2025-06-11T09:08:25","modified_gmt":"2025-06-11T07:08:25","slug":"leistungen-3","status":"publish","type":"page","link":"https:\/\/www.ibs-aachen.de\/?page_id=293","title":{"rendered":"PROFIL"},"content":{"rendered":"\n<h5 class=\"wp-block-heading\">Ideen schnell, flexibel und passgenau realisieren <\/h5>\n\n\n\n<p class=\"has-normal-font-size\"><strong>Sie ben\u00f6tigen ein Datensystem mit speziellen Eigenschaften? Wir nehmen die Herausforderung an und entwickeln f\u00fcr Sie individuelle technische L\u00f6sungen. Als erfahrene IT-Dienstleister sind wir spezialisiert auf die Programmierung von Systemen f\u00fcr besondere Anforderungen. Dabei bieten wir das gesamte Spektrum der Auftragsprogrammierung an \u2013 von der Betreuung kompletter Webshops bis hin zu einzelnen Teilaufgaben.<\/strong><\/p>\n\n\n\n<p class=\"has-normal-font-size\">Unsere Leistungen verbinden wir stets mit traditionellen Werten wie Zuverl\u00e4ssigkeit und Termintreue. Wir setzen auf offene Kommunikationsstrukturen und den intensiven Austausch mit unseren Auftraggebern. Auf diese Weise gelingt es uns Ideen schnell, flexibel und passgenau nach den W\u00fcnschen und Anforderungen unserer Auftraggeber umzusetzen.<\/p>\n\n\n\n<h5 class=\"wp-block-heading\">IBS Dr. Sommer GmbH &#8211; Kompetenz seit 1976<\/h5>\n\n\n\n<p class=\"has-normal-font-size\">Seit mehr als 50 Jahren steht der Erfolg unserer Kunden im Zentrum unseres Handelns: 1967 als klassisches Ingenieurb\u00fcro in Aachen gegr\u00fcndet, entwickelte sich die IBS Dr. Sommer GmBH im Laufe der Jahre zu einem deutschlandweit agierenden Softwareunternehmen.<\/p>\n\n\n\n<h5 class=\"wp-block-heading\">Unser Team<\/h5>\n\n\n\n<div class=\"wp-block-columns is-layout-flex wp-container-core-columns-is-layout-28f84493 wp-block-columns-is-layout-flex\">\n<div class=\"wp-block-column is-layout-flow wp-block-column-is-layout-flow\" style=\"flex-basis:45%\">\n<figure class=\"wp-block-image size-large is-style-default\"><img loading=\"lazy\" decoding=\"async\" width=\"170\" height=\"227\" src=\"\/wp-content\/uploads\/2020\/08\/Team.jpg\" alt=\"\" class=\"wp-image-255\"\/><\/figure>\n\n\n\n<p><strong>Dipl.-Ing. Guido Dubois<\/strong><br>gesch\u00e4ftsf\u00fchrender Gesellschafter IBS Dr. Sommer GmbH<\/p>\n\n\n\n<p>Nach dem technischen Abitur in Eupen\/Belgien studierte Guido Dubois Maschinenbau an der Fachhochschule Aachen. Schon in seiner Studienzeit hegte er besonderes Interesse an der Numerischen Mathematik und der Datenverarbeitung. Nach dem Diplom trat er 1986 eine Stellung beim Ingenieurb\u00fcro Dr. Glasmacher + Dr. Sommer (Vorg\u00e4nger der IBS Dr. Sommer GmbH) an. Anf\u00e4nglich war er im Bereich technische Berechnungen t\u00e4tig. In der Folge verschob sich das Arbeitsgebiet immer mehr in Richtung kommerzielle Softwareentwicklung f\u00fcr Desktop und Internet.<\/p>\n\n\n\n<p>1998 wurde er in die Gesch\u00e4ftsf\u00fchrung der IBS Dr. Sommer GmbH berufen und \u00fcbernahm 2001 50% der Gesch\u00e4ftsanteile als gesch\u00e4ftsf\u00fchrender Gesellschafter.<br>Guido Dubois ist nun seit fast 40 Jahren im Unternehmen t\u00e4tig.<\/p>\n<\/div>\n\n\n\n<div class=\"wp-block-column is-layout-flow wp-block-column-is-layout-flow\" style=\"flex-basis:45%\">\n<figure class=\"wp-block-image size-large is-style-default\"><img loading=\"lazy\" decoding=\"async\" width=\"170\" height=\"227\" src=\"\/wp-content\/uploads\/2020\/08\/Team.jpg\" alt=\"\" class=\"wp-image-255\"\/><\/figure>\n\n\n\n<p><strong>Dipl.-Inform. Boris Oph\u00fcls,<\/strong><br>gesch\u00e4ftsf\u00fchrender Gesellschafter IBS Dr. Sommer GmbH<\/p>\n\n\n\n<p>Nach erfolgreich bestandenem Abitur zog es Boris Oph\u00fcls aus seiner Heimatstadt D\u00fcsseldorf zur Ausbildung zum Mathematisch-technischen Assistenten nach Aachen an das Rechenzentrum der RWTH Aachen.<br>Im Anschluss an die 3-j\u00e4hrige Ausbildung studierte er Informatik an der RWTH Aachen. W\u00e4hrend dieser Zeit arbeitete er halbtags bei der ibgs GmbH (Vorg\u00e4nger der IBS Dr. Sommer GmbH).<\/p>\n\n\n\n<p>Nach erfolgreichem Abschluss zum Diplom Informatiker stieg er als Vollzeitkraft in das Unternehmen ein.<br>Im Anschluss an die Splittung der ibgs GmbH und Gr\u00fcndung der IBS Dr. Sommer GmbH wurde er in die Gesch\u00e4ftsf\u00fchrung berufen und \u00fcbernahm kurze Zeit sp\u00e4ter 50% der Gesch\u00e4ftsanteile als gesch\u00e4ftsf\u00fchrender Gesellschafter.<br>Boris Oph\u00fcls ist nun seit fast 20 Jahren in dieser Funktion bei der IBS Dr. Sommer GmbH t\u00e4tig.<\/p>\n<\/div>\n\n\n\n<div class=\"wp-block-column is-layout-flow wp-block-column-is-layout-flow\"><\/div>\n<\/div>\n\n\n\n<p><\/p>\n","protected":false},"excerpt":{"rendered":"<p>Ideen schnell, flexibel und passgenau realisieren Sie ben\u00f6tigen ein Datensystem mit speziellen Eigenschaften? Wir nehmen die Herausforderung an und entwickeln f\u00fcr Sie individuelle technische L\u00f6sungen. Als erfahrene IT-Dienstleister sind wir spezialisiert auf die Programmierung von Systemen f\u00fcr besondere Anforderungen. Dabei bieten wir das gesamte Spektrum der Auftragsprogrammierung an \u2013 von der Betreuung kompletter Webshops bis [&hellip;]<\/p>\n","protected":false},"author":1,"featured_media":0,"parent":0,"menu_order":0,"comment_status":"closed","ping_status":"closed","template":"","meta":{"footnotes":""},"class_list":["post-293","page","type-page","status-publish","hentry"],"blocksy_meta":{"styles_descriptor":{"styles":{"desktop":"","tablet":"","mobile":""},"google_fonts":[],"version":6}},"_links":{"self":[{"href":"https:\/\/www.ibs-aachen.de\/index.php?rest_route=\/wp\/v2\/pages\/293","targetHints":{"allow":["GET"]}}],"collection":[{"href":"https:\/\/www.ibs-aachen.de\/index.php?rest_route=\/wp\/v2\/pages"}],"about":[{"href":"https:\/\/www.ibs-aachen.de\/index.php?rest_route=\/wp\/v2\/types\/page"}],"author":[{"embeddable":true,"href":"https:\/\/www.ibs-aachen.de\/index.php?rest_route=\/wp\/v2\/users\/1"}],"replies":[{"embeddable":true,"href":"https:\/\/www.ibs-aachen.de\/index.php?rest_route=%2Fwp%2Fv2%2Fcomments&post=293"}],"version-history":[{"count":18,"href":"https:\/\/www.ibs-aachen.de\/index.php?rest_route=\/wp\/v2\/pages\/293\/revisions"}],"predecessor-version":[{"id":761,"href":"https:\/\/www.ibs-aachen.de\/index.php?rest_route=\/wp\/v2\/pages\/293\/revisions\/761"}],"wp:attachment":[{"href":"https:\/\/www.ibs-aachen.de\/index.php?rest_route=%2Fwp%2Fv2%2Fmedia&parent=293"}],"curies":[{"name":"wp","href":"https:\/\/api.w.org\/{rel}","templated":true}]}}