{"id":42,"date":"2020-08-19T13:30:09","date_gmt":"2020-08-19T11:30:09","guid":{"rendered":"https:\/\/wp.ibs-aachen.de\/?page_id=42"},"modified":"2026-01-07T14:36:50","modified_gmt":"2026-01-07T13:36:50","slug":"profil","status":"publish","type":"page","link":"https:\/\/www.ibs-aachen.de\/","title":{"rendered":"DIE IBS GMBH"},"content":{"rendered":"\n<div class=\"wp-block-cover alignfull is-light\" style=\"min-height:350px;aspect-ratio:unset;\"><img loading=\"lazy\" decoding=\"async\" width=\"2500\" height=\"778\" class=\"wp-block-cover__image-background wp-image-532\" alt=\"\" src=\"\/wp-content\/uploads\/2020\/09\/1f-neu6.jpg\" data-object-fit=\"cover\" srcset=\"\/wp-content\/uploads\/2020\/09\/1f-neu6.jpg 2500w, \/wp-content\/uploads\/2020\/09\/1f-neu6-300x93.jpg 300w, \/wp-content\/uploads\/2020\/09\/1f-neu6-1024x319.jpg 1024w, \/wp-content\/uploads\/2020\/09\/1f-neu6-768x239.jpg 768w, \/wp-content\/uploads\/2020\/09\/1f-neu6-1536x478.jpg 1536w, \/wp-content\/uploads\/2020\/09\/1f-neu6-2048x637.jpg 2048w\" sizes=\"auto, (max-width: 2500px) 100vw, 2500px\" \/><span aria-hidden=\"true\" class=\"wp-block-cover__background has-background-dim-0 has-background-dim\" style=\"background-color:#ebebeb\"><\/span><div class=\"wp-block-cover__inner-container is-layout-flow wp-block-cover-is-layout-flow\">\n<div style=\"height:20px\" aria-hidden=\"true\" class=\"wp-block-spacer\"><\/div>\n\n\n\n<h2 class=\"wp-block-heading has-palette-color-4-color has-text-color\">Individuelle IT-L\u00f6sungen <br>f\u00fcr spezielle Anforderungen<\/h2>\n\n\n\n<div style=\"height:20px\" aria-hidden=\"true\" class=\"wp-block-spacer\"><\/div>\n\n\n\n<div class=\"wp-block-cover is-light\" style=\"min-height:310px;aspect-ratio:unset;\"><span aria-hidden=\"true\" class=\"wp-block-cover__background has-background-dim-100 has-background-dim\" style=\"background-color:#16aa9b\"><\/span><div class=\"wp-block-cover__inner-container is-layout-flow wp-block-cover-is-layout-flow\">\n<div style=\"height:29px\" aria-hidden=\"true\" class=\"wp-block-spacer\"><\/div>\n\n\n\n<h5 class=\"wp-block-heading\" id=\"block-452387f8-fd1e-4fe6-b25c-9252b3340845\" style=\"font-size:clamp(14px, 0.875rem + ((1vw - 3.2px) * 0.313), 18px);px\">Sie ben\u00f6tigen erfahrene Experten, die Sie bei der Programmierung eines komplexen Systems oder beim Aufbau einer Datenbank kompetent beraten und unterst\u00fctzen? Dann ist die IBS Dr. Sommer GmbH der richtige Partner f\u00fcr Sie. Wir schaffen solide L\u00f6sungen, deren technischen M\u00f6glichkeiten beinahe keine Grenzen gesetzt sind.<br><br><strong>Unser Team besteht aus Experten mit umfangreichen Kenntnissen und langj\u00e4hriger Erfahrung in der Auftragsprogrammierung und IT-Sicherheit.  Namhafte Kunden sprechen f\u00fcr uns.<\/strong><\/h5>\n\n\n\n<figure class=\"wp-block-image alignright is-resized size-large is-style-default\"><a href=\"https:\/\/www.ibs-aachen.de\/?page_id=291\"><img loading=\"lazy\" decoding=\"async\" width=\"1024\" height=\"244\" src=\"\/wp-content\/uploads\/2020\/09\/Securepoint-Premium-1024x244.jpg\" alt=\"\" class=\"wp-image-488\" style=\"width:270px\" srcset=\"\/wp-content\/uploads\/2020\/09\/Securepoint-Premium-1024x244.jpg 1024w, \/wp-content\/uploads\/2020\/09\/Securepoint-Premium-300x71.jpg 300w, \/wp-content\/uploads\/2020\/09\/Securepoint-Premium-768x183.jpg 768w, \/wp-content\/uploads\/2020\/09\/Securepoint-Premium.jpg 1400w\" sizes=\"auto, (max-width: 1024px) 100vw, 1024px\" \/><\/a><\/figure>\n\n\n\n<div style=\"height:20px\" aria-hidden=\"true\" class=\"wp-block-spacer\"><\/div>\n\n\n\n<p><\/p>\n<\/div><\/div>\n\n\n\n<div style=\"height:20px\" aria-hidden=\"true\" class=\"wp-block-spacer\"><\/div>\n\n\n\n<div style=\"height:20px\" aria-hidden=\"true\" class=\"wp-block-spacer\"><\/div>\n<\/div><\/div>\n\n\n\n<div class=\"wp-block-cover aligncenter is-light is-position-center-center\" style=\"min-height:700px;aspect-ratio:unset;\"><span aria-hidden=\"true\" class=\"wp-block-cover__background has-palette-color-3-background-color has-background-dim-100 has-background-dim\"><\/span><div class=\"wp-block-cover__inner-container is-layout-flow wp-block-cover-is-layout-flow\">\n<div class=\"wp-block-columns is-layout-flex wp-container-core-columns-is-layout-28f84493 wp-block-columns-is-layout-flex\">\n<div class=\"wp-block-column is-layout-flow wp-block-column-is-layout-flow\" style=\"flex-basis:33.33%\">\n<h4 class=\"wp-block-heading has-text-align-left\">Aufgabenbereiche<\/h4>\n\n\n\n<p><\/p>\n<\/div>\n\n\n\n<div class=\"wp-block-column is-layout-flow wp-block-column-is-layout-flow\" style=\"flex-basis:66.66%\">\n<p class=\"has-text-align-left\" style=\"font-size:clamp(14.082px, 0.88rem + ((1vw - 3.2px) * 0.54), 21px);px\"><strong>Systemberatung und -betreuung in den Bereichen Hard- und Software<br>Planung, Installation und Betreuung von Netzwerken auf PC- und Workstationebene<\/strong><\/p>\n\n\n\n<hr class=\"wp-block-separator has-text-color has-css-opacity has-background is-style-wide\" style=\"background-color:#16aa9e;color:#16aa9e\"\/>\n\n\n\n<p class=\"has-text-align-left\" style=\"font-size:clamp(14.082px, 0.88rem + ((1vw - 3.2px) * 0.54), 21px);px\"><strong>Dienstleistungen rund ums Internet<\/strong><\/p>\n\n\n\n<hr class=\"wp-block-separator has-text-color has-css-opacity has-background is-style-wide\" style=\"background-color:#16aa9e;color:#16aa9e\"\/>\n\n\n\n<p class=\"has-text-align-left\" style=\"font-size:clamp(14.082px, 0.88rem + ((1vw - 3.2px) * 0.54), 21px);px\"><strong>Entwicklung von kommerziellen Client-Server-Anwendungen und Web-Applikationen<\/strong><\/p>\n\n\n\n<hr class=\"wp-block-separator has-text-color has-css-opacity has-background is-style-wide\" style=\"background-color:#16aa9e;color:#16aa9e\"\/>\n\n\n\n<p class=\"has-text-align-left\" style=\"font-size:clamp(14.082px, 0.88rem + ((1vw - 3.2px) * 0.54), 21px);px\"><strong>Entwicklung technischer Software<\/strong><\/p>\n\n\n\n<hr class=\"wp-block-separator has-text-color has-css-opacity has-background is-style-wide\" style=\"background-color:#16aa9e;color:#16aa9e\"\/>\n\n\n\n<p class=\"has-text-align-left\" style=\"font-size:clamp(14.082px, 0.88rem + ((1vw - 3.2px) * 0.54), 21px);px\"><strong>Technische Berechnungen inklusive Kundenberatung<\/strong><\/p>\n<\/div>\n<\/div>\n\n\n\n<p><\/p>\n<\/div><\/div>\n\n\n\n<div style=\"height:20px\" aria-hidden=\"true\" class=\"wp-block-spacer\"><\/div>\n\n\n\n<hr class=\"wp-block-separator has-text-color has-palette-color-2-color has-css-opacity has-palette-color-2-background-color has-background is-style-wide\"\/>\n\n\n\n<p><\/p>\n\n\n\n<div class=\"wp-block-columns is-layout-flex wp-container-core-columns-is-layout-28f84493 wp-block-columns-is-layout-flex\">\n<div class=\"wp-block-column is-layout-flow wp-block-column-is-layout-flow\"><\/div>\n<\/div>\n\n\n\n<div class=\"wp-block-cover is-light\"><span aria-hidden=\"true\" class=\"wp-block-cover__background has-background-dim-100 has-background-dim\" style=\"background-color:#ede9df\"><\/span><div class=\"wp-block-cover__inner-container is-layout-flow wp-block-cover-is-layout-flow\">\n<hr class=\"wp-block-separator has-css-opacity is-style-dots\"\/>\n\n\n\n<h2 class=\"wp-block-heading has-palette-color-4-color has-text-color\">Aktuelle Stellenanzeigen<\/h2>\n\n\n\n<p class=\"has-palette-color-4-color has-text-color\"><strong>Die IBS Dr. Sommer GmbH ist ein innovatives Unternehmen in der IT-Branche mit solidem Kundenstamm. Unser Schwerpunkt liegt in der Entwicklung von Individualsoftware sowohl f\u00fcr technische als auch f\u00fcr kommerzielle Bereiche. Dar\u00fcber hinaus bieten wir unseren Kunden Dienstleistungen rund um das Internet an.<\/strong><\/p>\n\n\n\n<p class=\"has-palette-color-4-color has-text-color\"><strong>Zur Verst\u00e4rkung unseres Teams suchen wir zum n\u00e4chstm\u00f6glichen Termin eine(n)<\/strong><\/p>\n\n\n\n<div class=\"wp-block-columns is-layout-flex wp-container-core-columns-is-layout-28f84493 wp-block-columns-is-layout-flex\">\n<div class=\"wp-block-column is-layout-flow wp-block-column-is-layout-flow\">\n<h3 class=\"wp-block-heading has-palette-color-4-color has-text-color\">Software-Entwickler(in)<\/h3>\n\n\n\n<p class=\"has-palette-color-4-color has-text-color\">Sie haben eine Ausbildung als Mathematisch-technische(r) Softwareentwickler(in) oder eine vergleichbare Ausbildung abgeschlossen oder stehen kurz vor dem Abschluss. W\u00e4hrend Ihrer Ausbildung haben Sie schon einschl\u00e4gige Berufserfahrung gesammelt.<\/p>\n\n\n\n<p class=\"has-palette-color-4-color has-text-color\">Die Betriebssysteme Linux und Windows sind Ihnen vertraut. Sie besitzen gute Kenntnisse in Java sowie SQL. W\u00fcnschenswert, aber nicht Voraussetzung, sind Kenntnisse in Internet-Technologien (PHP, Javascript, usw.).<\/p>\n\n\n\n<p class=\"has-palette-color-4-color has-text-color\">Von besonderer Bedeutung sind f\u00fcr uns teamorientiertes Verhalten, Engagement, analytisches Denken sowie ein sicherer Umgang mit Kunden. <\/p>\n\n\n\n<p class=\"has-palette-color-4-color has-text-color\">Wir bieten Ihnen jede Menge Herausforderungen und ein attraktives, kollegiales Arbeitsumfeld ohne Hierarchien (flexible Arbeitszeiten, Homeoffice, Getr\u00e4nke, gemeinsames Fr\u00fchst\u00fcck, Firmenevents, etc.). <\/p>\n\n\n\n<p class=\"has-palette-color-4-color has-text-color\">F\u00fchlen Sie sich angesprochen? Dann senden Sie uns bitte Ihre vollst\u00e4ndigen Bewerbungsunterlagen an untenstehende Adresse.<\/p>\n<\/div>\n\n\n\n<div class=\"wp-block-column is-layout-flow wp-block-column-is-layout-flow\">\n<h3 class=\"wp-block-heading has-palette-color-4-color has-text-color\">Java-Entwickler(in) <strong>als Studentenjob<\/strong><\/h3>\n\n\n\n<p class=\"has-palette-color-4-color has-text-color\">Wir suchen f\u00fcr unser Team ab sofort eine(n) Programmierer(in). Der Schwerpunkt deiner Arbeit ist die technische Umsetzung von Java-Projekten. Gesucht wird ein(e) Team-Player(in) mit viel IT-Begeisterung, Engagement und Eigenverantwortung.<\/p>\n\n\n\n<p class=\"has-palette-color-4-color has-text-color\">Wir bieten die Mitarbeit in einem hoch motivierten, kollegialen Team, ein professionelles und kreatives Umfeld sowie spannende Aufgaben bei attraktiver Verg\u00fctung. W\u00e4hrend deiner T\u00e4tigkeit steht dir jederzeit ein kompetenter Ansprechpartner zur Verf\u00fcgung &#8211; Das zeichnet unser kleines Experten-Team aus!<br>Durch flexible w\u00f6chentliche Arbeitszeiteinteilung kommen wir deinen Vorlesungspl\u00e4nen entgegen. Eine sp\u00e4tere Bachelor-\/ Masterarbeit ist nicht ausgeschlossen.<\/p>\n\n\n\n<p class=\"has-palette-color-4-color has-text-color\"><strong>Diese Aufgaben warten auf Dich:<br><\/strong>\u2022 Entwicklung, Integration und Test von Java-Applikationen<br>\u2022 Datenbankdesign<br>\u2022 Kundensupport<\/p>\n\n\n\n<p class=\"has-palette-color-4-color has-text-color\"><strong>Das solltest Du mitbringen:<br><\/strong>\u2022 Grundstudium der Informatik oder vergleichbare Studieng\u00e4nge oder Ausbildung im IT-Bereich<br>\u2022 starke IT-Affinit\u00e4t und ein gutes Verst\u00e4ndnis f\u00fcr komplexe Zusammenh\u00e4nge und Prozesse<br>\u2022 Kenntnisse in Java, J2EE, EJB<br>\u2022 Datenbank-Kenntnisse f\u00fcr MS SQL Server, Oracle, MySQL<br>\u2022 Erfahrungen mit Eclipse<\/p>\n\n\n\n<p class=\"has-palette-color-4-color has-text-color\">Das muss nicht alles auf Dich zutreffen. Grundvoraussetzung ist Java &#8211; Je mehr, desto besser. Wir freuen uns \u00fcber Deine aussagekr\u00e4ftige Bewerbung per E-Mail.<\/p>\n<\/div>\n<\/div>\n\n\n\n<p class=\"has-palette-color-4-color has-text-color\"><strong>IBS Dr. Sommer GmbH<\/strong><br>Herrn Boris Oph\u00fcls<br>Promenade 7  \u00b7 52076 Aachen-Kornelim\u00fcnster<br>02408 \/ 9472-25 \u00b7 <strong><a href=\"mailto:bewerbung@ibs-aachen.de\">bewerbung@ibs-aachen.de<\/a><\/strong><\/p>\n\n\n\n<hr class=\"wp-block-separator has-css-opacity is-style-dots\"\/>\n<\/div><\/div>\n\n\n\n<div style=\"height:20px\" aria-hidden=\"true\" class=\"wp-block-spacer\"><\/div>\n","protected":false},"excerpt":{"rendered":"","protected":false},"author":1,"featured_media":0,"parent":0,"menu_order":0,"comment_status":"closed","ping_status":"closed","template":"","meta":{"footnotes":""},"class_list":["post-42","page","type-page","status-publish","hentry"],"blocksy_meta":{"styles_descriptor":{"styles":{"desktop":"","tablet":"","mobile":""},"google_fonts":[],"version":6}},"_links":{"self":[{"href":"https:\/\/www.ibs-aachen.de\/index.php?rest_route=\/wp\/v2\/pages\/42","targetHints":{"allow":["GET"]}}],"collection":[{"href":"https:\/\/www.ibs-aachen.de\/index.php?rest_route=\/wp\/v2\/pages"}],"about":[{"href":"https:\/\/www.ibs-aachen.de\/index.php?rest_route=\/wp\/v2\/types\/page"}],"author":[{"embeddable":true,"href":"https:\/\/www.ibs-aachen.de\/index.php?rest_route=\/wp\/v2\/users\/1"}],"replies":[{"embeddable":true,"href":"https:\/\/www.ibs-aachen.de\/index.php?rest_route=%2Fwp%2Fv2%2Fcomments&post=42"}],"version-history":[{"count":248,"href":"https:\/\/www.ibs-aachen.de\/index.php?rest_route=\/wp\/v2\/pages\/42\/revisions"}],"predecessor-version":[{"id":778,"href":"https:\/\/www.ibs-aachen.de\/index.php?rest_route=\/wp\/v2\/pages\/42\/revisions\/778"}],"wp:attachment":[{"href":"https:\/\/www.ibs-aachen.de\/index.php?rest_route=%2Fwp%2Fv2%2Fmedia&parent=42"}],"curies":[{"name":"wp","href":"https:\/\/api.w.org\/{rel}","templated":true}]}}