{"id":445,"date":"2020-09-01T14:06:01","date_gmt":"2020-09-01T12:06:01","guid":{"rendered":"https:\/\/wp.ibs-aachen.de\/?page_id=445"},"modified":"2020-09-16T12:04:27","modified_gmt":"2020-09-16T10:04:27","slug":"stellenanzeigen","status":"publish","type":"page","link":"https:\/\/www.ibs-aachen.de\/?page_id=445","title":{"rendered":"Stellenangebote"},"content":{"rendered":"\n<div class=\"wp-block-cover has-background-dim\" style=\"background-color:#ede9df\"><div class=\"wp-block-cover__inner-container is-layout-flow wp-block-cover-is-layout-flow\">\n<hr class=\"wp-block-separator is-style-dots\"\/>\n\n\n\n<p class=\"has-palette-color-4-color has-text-color\"><strong>Die IBS Dr. Sommer GmbH ist ein innovatives Unternehmen in der IT-Branche mit solidem Kundenstamm. Unser Schwerpunkt liegt in der Entwicklung von Individualsoftware sowohl f\u00fcr technische als auch f\u00fcr kommerzielle Bereiche. Dar\u00fcber hinaus bieten wir unseren Kunden Dienstleistungen rund um das Internet an.<\/strong><\/p>\n\n\n\n<p class=\"has-palette-color-4-color has-text-color\"><strong>Zur Verst\u00e4rkung unseres Teams suchen wir zum n\u00e4chstm\u00f6glichen Termin eine(n)<\/strong><\/p>\n\n\n\n<div class=\"wp-block-columns is-layout-flex wp-container-core-columns-is-layout-28f84493 wp-block-columns-is-layout-flex\">\n<div class=\"wp-block-column is-layout-flow wp-block-column-is-layout-flow\">\n<h3 class=\"has-palette-color-4-color has-text-color wp-block-heading\">Software-Entwickler(in)<\/h3>\n\n\n\n<p class=\"has-palette-color-4-color has-text-color\">Sie haben eine Ausbildung als Mathematisch-technische(r) Softwareentwickler(in) oder eine vergleichbare Ausbildung abgeschlossen oder stehen kurz vor dem Abschluss. W\u00e4hrend Ihrer Ausbildung haben Sie schon einschl\u00e4gige Berufserfahrung gesammelt.<\/p>\n\n\n\n<p class=\"has-palette-color-4-color has-text-color\">Die Betriebssysteme Linux und Windows sind Ihnen vertraut. Sie besitzen gute Kenntnisse in Java sowie SQL. W\u00fcnschenswert, aber nicht Voraussetzung, sind Kenntnisse in Internet-Technologien (PHP, Javascript, usw.).<\/p>\n\n\n\n<p class=\"has-palette-color-4-color has-text-color\">Von besonderer Bedeutung sind f\u00fcr uns teamorientiertes Verhalten, Engagement, analytisches Denken sowie ein sicherer Umgang mit Kunden. <\/p>\n\n\n\n<p class=\"has-palette-color-4-color has-text-color\">Wir bieten Ihnen jede Menge Herausforderungen und ein attraktives, kollegiales Arbeitsumfeld ohne Hierarchien (flexible Arbeitszeiten, Homeoffice, Getr\u00e4nke, gemeinsames Fr\u00fchst\u00fcck, Firmenevents, etc.). <\/p>\n\n\n\n<p class=\"has-palette-color-4-color has-text-color\">F\u00fchlen Sie sich angesprochen? Dann senden Sie uns bitte Ihre vollst\u00e4ndigen Bewerbungsunterlagen an untenstehende Adresse.<\/p>\n<\/div>\n\n\n\n<div class=\"wp-block-column is-layout-flow wp-block-column-is-layout-flow\">\n<h3 class=\"has-palette-color-4-color has-text-color wp-block-heading\">Java-Entwickler(in) <strong>als Studentenjob<\/strong><\/h3>\n\n\n\n<p class=\"has-palette-color-4-color has-text-color\">Wir suchen ab sofort eine(n) Programmierer(in). Der Schwerpunkt deiner Arbeit ist die technische Umsetzung von Java-Projekten. Gesucht wird ein(e) Team-Player(in) mit viel Engagement und Eigenverantwortung.<\/p>\n\n\n\n<p class=\"has-palette-color-4-color has-text-color\">Wir bieten die Mitarbeit in einem hoch motivierten kleinen Team, ein professionelles und kreatives Umfeld sowie spannende Aufgaben bei attraktiver Verg\u00fctung. Eine sp\u00e4tere Bachelor-\/Masterarbeit ist nicht ausgeschlossen.<\/p>\n\n\n\n<p class=\"has-palette-color-4-color has-text-color\">Diese Aufgaben warten auf Dich:<br>\u2022 Entwicklung, Integration und Test von Java-Applikationen<br>\u2022 Datenbankdesign<br>\u2022 Kundensupport<\/p>\n\n\n\n<p class=\"has-palette-color-4-color has-text-color\">Das solltest Du mitbringen:<br>\u2022 Grundstudium der Informatik oder vergleichbare Studieng\u00e4nge oder Ausbildung<br>\u2022 Kenntnisse in Java, J2EE, EJB<br>\u2022 Datenbank-Kenntnisse f\u00fcr MS SQL Server, Oracle, MySQL<br>\u2022 Erfahrungen mit Eclipse<\/p>\n\n\n\n<p class=\"has-palette-color-4-color has-text-color\">Das muss nicht alles auf Dich zutreffen. Grundvoraussetzung ist Java &#8211; Je mehr, desto besser. Wir freuen uns \u00fcber Deine aussagekr\u00e4ftige Bewerbung per E-Mail.<\/p>\n<\/div>\n<\/div>\n\n\n\n<p class=\"has-palette-color-4-color has-text-color\"><strong>IBS Dr. Sommer GmbH<\/strong><br>Herrn Boris Oph\u00fcls<br>Promenade 7  \u00b7 52076 Aachen-Kornelim\u00fcnster<br>02408 \/ 9472-25 \u00b7 <strong><a href=\"mailto:bewerbung@ibs-aachen.de\">bewerbung@ibs-aachen.de<\/a><\/strong><\/p>\n\n\n\n<hr class=\"wp-block-separator is-style-dots\"\/>\n<\/div><\/div>\n","protected":false},"excerpt":{"rendered":"","protected":false},"author":1,"featured_media":0,"parent":0,"menu_order":0,"comment_status":"closed","ping_status":"closed","template":"","meta":{"footnotes":""},"class_list":["post-445","page","type-page","status-publish","hentry"],"blocksy_meta":{"styles_descriptor":{"styles":{"desktop":"","tablet":"","mobile":""},"google_fonts":[],"version":6}},"_links":{"self":[{"href":"https:\/\/www.ibs-aachen.de\/index.php?rest_route=\/wp\/v2\/pages\/445","targetHints":{"allow":["GET"]}}],"collection":[{"href":"https:\/\/www.ibs-aachen.de\/index.php?rest_route=\/wp\/v2\/pages"}],"about":[{"href":"https:\/\/www.ibs-aachen.de\/index.php?rest_route=\/wp\/v2\/types\/page"}],"author":[{"embeddable":true,"href":"https:\/\/www.ibs-aachen.de\/index.php?rest_route=\/wp\/v2\/users\/1"}],"replies":[{"embeddable":true,"href":"https:\/\/www.ibs-aachen.de\/index.php?rest_route=%2Fwp%2Fv2%2Fcomments&post=445"}],"version-history":[{"count":4,"href":"https:\/\/www.ibs-aachen.de\/index.php?rest_route=\/wp\/v2\/pages\/445\/revisions"}],"predecessor-version":[{"id":608,"href":"https:\/\/www.ibs-aachen.de\/index.php?rest_route=\/wp\/v2\/pages\/445\/revisions\/608"}],"wp:attachment":[{"href":"https:\/\/www.ibs-aachen.de\/index.php?rest_route=%2Fwp%2Fv2%2Fmedia&parent=445"}],"curies":[{"name":"wp","href":"https:\/\/api.w.org\/{rel}","templated":true}]}}